or of 32751003 and 25992?
1083
Calculate the highest common divisor of 983327 and 4.
1
Calculate the highest common divisor of 6060 and 6332.
4
What is the greatest common divisor of 2740 and 8502100?
20
What is the greatest common divisor of 126591822 and 21?
21
Calculate the greatest common divisor of 674736 and 192.
48
What is the greatest common divisor of 2624 and 246528?
64
What is the greatest common divisor of 438 and 95880171?
219
What is the highest common divisor of 1061944938 and 216?
54
Calculate the greatest common factor of 4498835 and 41448.
1727
What is the highest common divisor of 5028 and 553822468?
1676
What is the highest common factor of 146144 and 33952?
32
What is the highest common factor of 13599616 and 896?
128
What is the highest common factor of 603074274 and 822?
822
Calculate the highest common factor of 20860722 and 7470.
1494
What is the highest common factor of 922569318 and 594?
594
Calculate the greatest common factor of 15794845 and 22.
11
What is the greatest common divisor of 1773973 and 959804?
1387
Calculate the highest common factor of 21264 and 113632158.
2658
What is the greatest common divisor of 97205353 and 1927?
47
Calculate the highest common divisor of 4500843 and 26820.
447
What is the highest common factor of 18088 and 6824480?
136
Calculate the highest common factor of 34527928 and 56.
8
What is the highest common factor of 6838460 and 3070?
10
Calculate the highest common factor of 1991183 and 17821.
251
Calculate the greatest common divisor of 1060 and 234030.
10
What is the greatest common divisor of 11993135 and 3465?
385
What is the greatest common factor of 9286496 and 1856?
928
Calculate the highest common factor of 409097 and 48152.
13
Calculate the highest common factor of 205865050 and 100.
50
What is the greatest common divisor of 141 and 13071687?
141
Calculate the highest common divisor of 99813 and 14453.
97
Calculate the highest common divisor of 3743 and 5817016.
197
Calculate the highest common factor of 1656 and 11215584.
72
Calculate the highest common divisor of 14860 and 45544414.
1486
What is the greatest common divisor of 4235062 and 61750?
494
Calculate the greatest common divisor of 57328674 and 5564.
2782
Calculate the greatest common divisor of 1430611 and 783601.
7189
Calculate the greatest common factor of 13953628 and 530.
106
Calculate the highest common factor of 5011027 and 119021.
2429
What is the greatest common factor of 1848832 and 111784?
1256
What is the highest common factor of 17895464 and 7304?
664
What is the greatest common factor of 84 and 290702976?
12
What is the greatest common factor of 563052000 and 672?
672
Calculate the highest common factor of 13560261 and 219.
219
What is the greatest common factor of 7224 and 5383299?
129
What is the highest common factor of 795 and 2913?
3
Calculate the highest common factor of 429058084 and 511.
511
What is the greatest common factor of 810066 and 140778?
474
What is the highest common factor of 50 and 201106725?
25
Calculate the highest common divisor of 12773 and 41279444.
241
Calculate the greatest common divisor of 336167 and 4073473.
1361
Calculate the greatest common factor of 882 and 709146.
18
What is the greatest common divisor of 18510696 and 36?
36
Calculate the greatest common factor of 15431331 and 5439.
111
What is the highest common factor of 60868975 and 4330?
2165
Calculate the highest common divisor of 2378 and 1167926.
82
Calculate the highest common divisor of 23042931 and 7787.
599
What is the greatest common divisor of 625331 and 675403?
569
What is the greatest common factor of 101657410 and 38?
38
What is the highest common factor of 107400456 and 8352?
2088
What is the greatest common factor of 171 and 633517?
19
What is the greatest common divisor of 14598941 and 768576?
4003
What is the highest common factor of 171663254 and 7?
7
Calculate the greatest common factor of 17619 and 5560053.
2517
Calculate the greatest common factor of 80 and 220310260.
20
What is the highest common factor of 2194 and 4079743?
1097
Calculate the highest common divisor of 625128 and 330120.
168
What is the greatest common factor of 414 and 3224876?
46
What is the greatest common divisor of 118844 and 420607?
11
Calculate the greatest common divisor of 216 and 16377516.
36
Calculate the greatest common divisor of 33173 and 603974.
49
What is the greatest common divisor of 18 and 12870246?
6
What is the greatest common factor of 195 and 294915?
15
Calculate the highest common divisor of 444443012 and 5876.
5876
Calculate the greatest common factor of 37220 and 1964.
4
Calculate the highest common factor of 119629 and 5695.
17
What is the highest common factor of 193400 and 145800?
200
Calculate the greatest common factor of 1510432 and 9944.
88
Calculate the highest common divisor of 6186 and 27497801.
1031
What is the highest common divisor of 20509216 and 18592?
224
Calculate the highest common factor of 6729278 and 4.
2
What is the highest common divisor of 51485 and 59815?
35
What is the highest common factor of 190 and 53041502?
38
What is the greatest common factor of 286 and 55290598?
22
Calculate the greatest common divisor of 327 and 9246579.
327
What is the highest common factor of 74192866 and 110?
22
Calculate the greatest common factor of 327421710 and 4950.
990
Calculate the greatest common factor of 9764073 and 198.
99
Calculate the greatest common divisor of 54180 and 442630.
10
Calculate the highest common divisor of 29957981 and 2763.
307
Calculate the highest common divisor of 30295 and 256741.
73
Calculate the greatest common factor of 28611 and 9865593.
2601
Calculate the greatest common factor of 5 and 75808195.
5
What is the highest common factor of 36 and 507347292?
12
Calculate the greatest common factor of 2191884518 and 164.
82
Calculate the highest common divisor of 20 and 26106400.
20
What is the greatest common factor of 1850399408 and 208?
208
What is the highest common factor of 37876366 and 25608?
2134
Calculate the highest common divisor of 5688 and 3508712.
8
Calculate the greatest common factor of 571880303 and 46.
23
What is the highest common factor of 48680760 and 108?
12
What is the highest common divisor of 104426448 and 56?
56
What is the highest common divisor of 5773 and 11989015?
251
What is the highest common factor of 7311 and 221179683?
7311
What is the highest common divisor of 6302 and 3812894?
46
Calculate the greatest common divisor of 1509831 and 135.
9
What is the greatest common factor of 527835 and 96855?
165
Calculate the highest common divisor of 23845 and 5624.
19
What is the highest common divisor of 15115562 and 1582?
14
Calculate the highest common factor of 7476 and 1666614.
534
Calculate the highest common divisor of 1375 and 23483875.
125
What is the highest common factor of 6614738 and 78?
26
What is the greatest common divisor of 4936998 and 1767?
1767
What is the highest common factor of 432359312 and 770?
154
What is the highest common divisor of 2852927 and 2144?
67
What is the greatest common divisor of 160 and 41563520?
160
Calculate the highest common factor of 1184 and 519221.
37
What is the highest common divisor of 32988241 and 1287?
143
What is the greatest common divisor of 6388182 and 7236?
1206
What is the highest common factor of 142249499 and 28?
7
What is the highest common factor of 77103 and 22659?
39
What is the highest common factor of 1019850056 and 8?
8
What is the highest common divisor of 1188 and 479470266?
594
Calculate the highest common divisor of 18689075 and 25.
25
What is the highest common divisor of 664 and 4864600?
8
Calculate the greatest common divisor of 698177 and 2897.
2897
Calculate the highest common factor of 304880 and 2083285.
185
What is the highest common factor of 54100854 and 1692?
846
What is the highest common factor of 3200 and 11979200?
1600
Calculate the highest common factor of 2072 and 967354122.
518
Calculate the greatest common divisor of 47241 and 1482752.
181
Calculate the greatest common factor of 482425 and 115.
115
What is the greatest common divisor of 648847 and 218044?
151
Calculate the greatest common factor of 137268 and 176628.
492
Calculate the greatest common